at are the prime factors of 9201?
3, 3067
List the prime factors of 39406.
2, 17, 19, 61
What are the prime factors of 1200?
2, 3, 5
What are the prime factors of 1066?
2, 13, 41
List the prime factors of 1164.
2, 3, 97
List the prime factors of 4394.
2, 13
List the prime factors of 115965.
3, 5, 859
What are the prime factors of 976?
2, 61
What are the prime factors of 23297?
23297
What are the prime factors of 30245?
5, 23, 263
What are the prime factors of 5735?
5, 31, 37
What are the prime factors of 1176?
2, 3, 7
List the prime factors of 5400.
2, 3, 5
List the prime factors of 63.
3, 7
List the prime factors of 197819.
337, 587
What are the prime factors of 21403?
17, 1259
What are the prime factors of 965?
5, 193
List the prime factors of 83642.
2, 13, 3217
What are the prime factors of 128932?
2, 32233
List the prime factors of 4837.
7, 691
What are the prime factors of 392?
2, 7
List the prime factors of 2499.
3, 7, 17
What are the prime factors of 34481?
29, 41
What are the prime factors of 62787?
3, 20929
List the prime factors of 3970.
2, 5, 397
What are the prime factors of 44303?
7, 6329
What are the prime factors of 219?
3, 73
What are the prime factors of 843?
3, 281
What are the prime factors of 48790?
2, 5, 7, 17, 41
List the prime factors of 44495.
5, 11, 809
List the prime factors of 50122.
2, 19, 1319
List the prime factors of 8388.
2, 3, 233
What are the prime factors of 28?
2, 7
List the prime factors of 20834.
2, 11, 947
What are the prime factors of 46611?
3, 5179
List the prime factors of 4267.
17, 251
What are the prime factors of 5170?
2, 5, 11, 47
List the prime factors of 1879.
1879
What are the prime factors of 584?
2, 73
What are the prime factors of 2389?
2389
What are the prime factors of 17036?
2, 4259
List the prime factors of 16833.
3, 31, 181
What are the prime factors of 15160?
2, 5, 379
List the prime factors of 3113.
11, 283
List the prime factors of 2412.
2, 3, 67
List the prime factors of 5499.
3, 13, 47
List the prime factors of 3188.
2, 797
List the prime factors of 769.
769
List the prime factors of 10206.
2, 3, 7
List the prime factors of 56723.
131, 433
List the prime factors of 13343.
11, 1213
What are the prime factors of 26208?
2, 3, 7, 13
List the prime factors of 308.
2, 7, 11
List the prime factors of 19941.
3, 17, 23
List the prime factors of 4123.
7, 19, 31
What are the prime factors of 2407?
29, 83
What are the prime factors of 29322?
2, 3, 181
List the prime factors of 42603.
3, 11, 1291
List the prime factors of 259.
7, 37
What are the prime factors of 778?
2, 389
List the prime factors of 507.
3, 13
List the prime factors of 3850.
2, 5, 7, 11
List the prime factors of 25217.
151, 167
List the prime factors of 90679.
90679
List the prime factors of 51002.
2, 7, 3643
What are the prime factors of 1691?
19, 89
What are the prime factors of 1374?
2, 3, 229
What are the prime factors of 60841?
11, 5531
List the prime factors of 803.
11, 73
List the prime factors of 115651.
17, 6803
What are the prime factors of 3116?
2, 19, 41
What are the prime factors of 2223?
3, 13, 19
List the prime factors of 228.
2, 3, 19
What are the prime factors of 147?
3, 7
List the prime factors of 241.
241
What are the prime factors of 459?
3, 17
List the prime factors of 122149.
122149
What are the prime factors of 640?
2, 5
What are the prime factors of 45621?
3, 37, 137
List the prime factors of 2428.
2, 607
What are the prime factors of 112648?
2, 14081
List the prime factors of 1152.
2, 3
What are the prime factors of 5799?
3, 1933
What are the prime factors of 15679?
15679
What are the prime factors of 2553?
3, 23, 37
List the prime factors of 55.
5, 11
List the prime factors of 24320.
2, 5, 19
What are the prime factors of 37060?
2, 5, 17, 109
What are the prime factors of 102629?
17, 6037
What are the prime factors of 16223?
16223
List the prime factors of 37564.
2, 9391
What are the prime factors of 2126?
2, 1063
List the prime factors of 927.
3, 103
What are the prime factors of 26132?
2, 47, 139
What are the prime factors of 4753?
7, 97
What are the prime factors of 39989?
39989
List the prime factors of 768.
2, 3
List the prime factors of 40287.
3, 13, 1033
List the prime factors of 1281.
3, 7, 61
What are the prime factors of 920?
2, 5, 23
List the prime factors of 13157.
59, 223
What are the prime factors of 34539?
3, 29, 397
List the prime factors of 26.
2, 13
List the prime factors of 5058.
2, 3, 281
What are the prime factors of 10882?
2, 5441
List the prime factors of 2092.
2, 523
List the prime factors of 1043.
7, 149
List the prime factors of 2367.
3, 263
List the prime factors of 3315.
3, 5, 13, 17
What are the prime factors of 9267?
3, 3089
List the prime factors of 26830.
2, 5, 2683
List the prime factors of 2120.
2, 5, 53
What are the prime factors of 2036?
2, 509
What are the prime factors of 729?
3
What are the prime factors of 21913?
17, 1289
List the prime factors of 2774.
2, 19, 73
What are the prime factors of 68786?
2, 163, 211
List the prime factors of 1608.
2, 3, 67
What are the prime factors of 134362?
2, 67181
List the prime factors of 800.
2, 5
List the prime factors of 1039.
1039
What are the prime factors of 43236?
2, 3, 1201
List the prime factors of 15159.
3, 31, 163
List the prime factors of 1124.
2, 281
List the prime factors of 41447.
7, 31, 191
What are the prime factors of 25497?
3, 2833
What are the prime factors of 56614?
2, 28307
List the prime factors of 1707.
3, 569
What are the prime factors of 5259?
3, 1753
List the prime factors of 2826.
2, 3, 157
What are the prime factors of 172?
2, 43
What are the prime factors of 2167?
11, 197
What are the prime factors of 17044?
2, 4261
What are the prime factors of 2254?
2, 7, 23
List the prime factors of 12797.
67, 191
List the prime factors of 985.
5, 197
List the prime factors of 10788.
2, 3, 29, 31
What are the prime factors of 14082?
2, 3, 2347
List the prime factors of 836.
2, 11, 19
List the prime factors of 11998.
2, 7, 857
What are the prime factors of 3455?
5, 691
List the prime factors of 53343.
3, 5927
List the prime factors of 5291.
11, 13, 37
List the prime factors of 8160.
2, 3, 5, 17
List the prime factors of 14.
2, 7
What are the prime factors of 2779?
7, 397
What are the prime factors of 25561?
25561
What are the prime factors of 435?
3, 5, 29
List the prime factors of 12730.
2, 5, 19, 67
What are the prime factors of 6785?
5, 23, 59
List the prime factors of 338.
2, 13
What are the prime factors of 5748?
2, 3, 479
List the prime factors of 49924.
2, 7, 1783
What are the prime factors of 11680?
2, 5, 73
List the prime factors of 142659.
3, 11, 131
List the prime factors of 1566.
2, 3, 29
What are the prime factors of 2324?
2, 7, 83
What are the prime factors of 1257?
3, 419
What are the prime factors of 269?
269
List the prime factors of 1509.
3, 503
What are the prime factors of 14046?
2, 3, 2341
What are the prime factors of 18374?
2, 9187
What are the prime factors of 323?
17, 19
List the prime factors of 3200.
2, 5
What are the prime factors of 10761?
3, 17, 211
List the prime factors of 1234.
2, 617
List the prime factors of 46664.
2, 19, 307
List the prime factors of 3104.
2, 97
What are the prime factors of 638?
2, 11, 29
What are the prime factors of 6378?
2, 3, 1063
List the prime factors of 4213.
11, 383
What are the prime factors of 220?
2, 5, 11
List the prime factors of 684.
2, 3, 19
What are the prime factors of 1346?
2, 673
What are the prime factors of 52?
2, 13
List the prime factors of 11356.
2, 17, 167
What are the prime factors of 3001?
3001
List the prime factors of 127.
127
What are the prime factors of 851?
23, 37
What are the prime factors of 2076?
2, 3, 173
What are the prime factors of 210?
2, 3, 5, 7
What are the prime factors of 2110?
2, 5, 211
What are the prime factors of 1846?
2, 13, 71
What are the prime factors of 8769?
3, 37, 79
List the prime factors of 89506.
2, 44753
List the prime factors of 126.
2, 3, 7
What are the prime factors of 110150?
2, 5, 2203
List the prime factors of 9513.
3, 7, 151
List the prime factors of 740.
2, 5, 37
List the prime factors of 15862.
2, 7, 11, 103
What are the prime factors of 7417?
7417
What are the prime factors of 1938?
2, 3,